, 3*m + 5*d - 88 = 0. What is the remainder when 144 is divided by m?
18
Let f(t) = 6*t - 13. What is the remainder when f(12) is divided by 15?
14
Suppose 2*u + 25 = 7*u. What is the remainder when 12 is divided by u?
2
Suppose k - 36 = -3*k. Calculate the remainder when (86/(-8))/((-61)/244) is divided by k.
7
Let b be ((-2)/6)/((-3)/666). Let w = b - 53. Suppose -49 = -5*d + w. Calculate the remainder when 27 is divided by d.
13
Suppose -6*l = -2*l - 20. Suppose -l*s = -3*s - 16. Calculate the remainder when 23 is divided by s.
7
What is the remainder when 22 is divided by 3 + 1 + -1 + 3?
4
Let x(n) = -3*n. What is the remainder when x(-15) is divided by 12?
9
Let z = -3 - -6. Suppose z*f = -f + 8. Suppose -3 = -i + f. What is the remainder when i is divided by 2?
1
Let c be (46/6)/1*3. Let b = c + -19. Let l = -3 - -9. Calculate the remainder when l is divided by b.
2
Let c = 112 - 98. Suppose 0 = -0*n - 4*n + 608. Suppose 4*k + l + l = n, 0 = k - 2*l - 48. What is the remainder when k is divided by c?
12
Suppose -13 - 45 = -2*h. What is the remainder when h is divided by 8?
5
Suppose j - 153 + 30 = 0. What is the remainder when j is divided by 31?
30
Suppose -4*i = 5*o - i - 90, -3*o - 3*i = -60. What is the remainder when o - -1 - (1 - 2) is divided by 9?
8
Suppose -y - 2 = y - t, 0 = -y + t - 2. Calculate the remainder when 57 is divided by 3 + (9 - -3) + y.
12
Suppose 5*w = 2*y - 167, -2*w + 3*y = -7*w - 162. Suppose -3*m + 110 = -40. Let q = m + w. What is the remainder when 50 is divided by q?
16
Let p(v) = v**2 - 2*v - 11. Let g be (6 - 1)/(-7 + 6). Calculate the remainder when p(g) is divided by 5.
4
Let p = -44 + 97. Let n be ((-9)/(-6))/(1/34). What is the remainder when p is divided by 912/51 - (-6)/n?
17
What is the remainder when 133 is divided by (7 - 30/6)/((-2)/(-15))?
13
What is the remainder when 32 is divided by (28/3 - -2) + (-27)/81?
10
Suppose 2*i + i - 6 = 0. Suppose 0 = -t - t + 56. What is the remainder when (i - -81) + 0 + -1 is divided by t?
26
Suppose 4*b - 4*r = 152, 4*b + 2*r - 167 + 15 = 0. What is the remainder when 74 is divided by b?
36
Let d be 34/(-4) + 9/(-6). What is the remainder when 21 is divided by (-22)/(-5)*d/(-4)?
10
Let y = 6 - -2. Suppose -4*o + 0 = -84. Suppose o - 1 = 4*f. Calculate the remainder when y is divided by f.
3
Let u = -47 - -84. What is the remainder when u is divided by 10?
7
Suppose -7 = -c + 15. What is the remainder when 84 is divided by c?
18
Let c(b) be the second derivative of -b**4/12 - 7*b**3/6 - 5*b**2/2 - b. Suppose 3*n - 22 = 20. Calculate the remainder when n is divided by c(-5).
4
Suppose 0 = 5*o - 0*o + 15, 0 = 4*z + o - 49. Let v = -5 + z. Suppose 3*h = -3*t + 62 - 20, -4*t = -h + 14. What is the remainder when h is divided by v?
6
Let a(t) = 20*t - 3. What is the remainder when 32 is divided by a(1)?
15
Let c be 0 + 1*-6 + 3. Let l = c - -22. Calculate the remainder when l is divided by 10.
9
Let m(k) = -k + 35. Calculate the remainder when m(-25) is divided by 16.
12
Let c(t) = 13*t**2 - 2*t + 2. Suppose 0 = -h - 0*h + 1. What is the remainder when -1*h - 1*-38 is divided by c(1)?
11
Suppose 0 = y - 5 + 2. Suppose 2*r = -5*u + 6, -4*r - r + 48 = -4*u. Let p = r + -4. What is the remainder when p is divided by y?
1
Suppose 4*o = 2*o + 58. Suppose 13 = 2*m - o. What is the remainder when m is divided by 6?
3
Let a = -46 + 76. What is the remainder when 148 is divided by a?
28
Let q = 0 - 9. Let j = -7 - q. Let o = 0 + 1. Calculate the remainder when j is divided by o.
0
Suppose -18*p = -19*p + 37. Calculate the remainder when p is divided by 13.
11
Suppose -2*q + q = 0. Let s(y) = 3*y - 5. What is the remainder when (q + -1 + 14)/1 is divided by s(4)?
6
Let f be (4/(-3))/((-2)/3). Suppose -f*w + 4*w - 4 = 0, w + 10 = p. Calculate the remainder when p is divided by 4.
0
Suppose 16*f = 4*f + 288. Calculate the remainder when f is divided by 13.
11
Let b = -14 - -20. Calculate the remainder when 14 is divided by b.
2
Let p be (-214)/(-8) - 1/(-4). Let x = p + -4. Calculate the remainder when x is divided by 12.
11
Let j = -21 - -55. What is the remainder when j is divided by 19?
15
Suppose -2*x + 0 + 8 = 0. What is the remainder when 6 is divided by x?
2
Let y(x) = 2*x + 1. Calculate the remainder when 2 is divided by y(0).
0
Let k = -62 - -90. What is the remainder when k is divided by -7 + 2 + 3 - -12?
8
Let p(n) = -13*n**3 + 2*n + 1. Calculate the remainder when 32 is divided by p(-1).
8
What is the remainder when 43 is divided by 68/3 + (-4)/6?
21
Let o(v) = 28*v - 6. Calculate the remainder when o(4) is divided by 18.
16
Calculate the remainder when (-1)/((-4)/(-10) - 372/880) is divided by 5.
4
Suppose 4*y = 2*y - q + 58, 5*y = 5*q + 130. What is the remainder when y is divided by 17?
11
Suppose -3*d = -9, 0 = 3*u + 3*d - 28 + 10. Calculate the remainder when 3/(u/(-2)) + 17 is divided by -1 - (-8 + (-1)/1).
7
Suppose t = 8*a - 7*a - 111, 5*a + 5*t - 545 = 0. What is the remainder when a is divided by 29?
23
Suppose 3*g - 4 = 5*g, -4*q + 5*g + 94 = 0. Calculate the remainder when 60 is divided by q.
18
Suppose 4*h - 3*t - 14 = 0, h - 2*h = 2*t + 2. Suppose -h*j = 3*j - 4*x - 27, 13 = j + 3*x. What is the remainder when 19 is divided by j?
5
Suppose -6 = 2*g + 3*f, -2*g + 12 = -2*f - 2. Suppose g*a - 69 = 4*h, -4*a - 3*h = -3*a - 36. What is the remainder when a is divided by 7?
6
Let i(k) = k**2 + 11*k + 12. Let s be i(-11). Suppose 0 = p + 3 - s. Calculate the remainder when p is divided by 3.
0
Let c be 0 + (1 - -58) + 1. Let l = c + -39. Let q(m) = -39*m**3 - 2*m - 1. Calculate the remainder when q(-1) is divided by l.
19
Suppose -5*l + 65 = -6*j + 8*j, 0 = j - l - 36. Calculate the remainder when j is divided by 9.
8
Suppose 0 = -4*l + 3*l. Let b = 9 + l. Calculate the remainder when 24 is divided by b.
6
Suppose -s + 14 = -w + 38, 2*s = 0. What is the remainder when w is divided by 4?
0
Suppose 3*g + g + 40 = 0. What is the remainder when 15 is divided by g/4*84/(-35)?
3
Let f(z) = -z**2 - 4*z + 3*z**2 + z**2 - 2. Calculate the remainder when f(-4) is divided by 21.
20
Let c = -38 - -59. What is the remainder when 82 is divided by c?
19
Suppose 3*y - 5 = -2*y. Let m(t) = 27*t**2 + t. Calculate the remainder when m(y) is divided by 15.
13
Let a(c) = 210*c**2 - c + 1. Let g be a(1). Suppose 0*w - g = 4*w + 5*v, -w = 3*v + 49. Calculate the remainder when (8/10)/((-2)/w) is divided by 12.
10
Suppose c + 3*c + t = 180, 3*t = -3*c + 144. What is the remainder when c is divided by 2/(-4)*-3*10?
14
Let s = -44 + 58. Calculate the remainder when 41 is divided by s.
13
Suppose -f - 3*f = -172. Let s(c) = c**2 + 6*c + 6. Let u be s(-5). Calculate the remainder when f is divided by 2 + 14 + u/(-1).
13
Let u(f) = 2*f - 20. Suppose -4 = -2*h + 24. Calculate the remainder when 31 is divided by u(h).
7
Suppose -p - 1 = -36. What is the remainder when p is divided by 18?
17
Suppose 4*s - b = 9*s - 73, 2*b = 3*s - 49. What is the remainder when 40 is divided by s?
10
Let s(z) = -z**2 + 13*z - 20. Calculate the remainder when 3 - (-8)/(-4) - -30 is divided by s(9).
15
Let y = -76 - -117. Calculate the remainder when 76 is divided by y.
35
Let a = -47 - -67. Let f(d) = -12*d**3 - 2*d**2 + 2 + 1 - 2. What is the remainder when a is divided by f(-1)?
9
Let m(v) = -v**3 + 17*v**2 - 53. What is the remainder when m(16) is divided by 52?
47
Let t be (-3)/(-12) + (-2)/8. Let x = 2 - 0. Calculate the remainder when 20 is divided by 0/x + t + 7.
6
Suppose 2*d + 6 = 5*k - 5, -4*d + 5*k = 7. Let q(b) = 6*b - 6*b - 4 + 8*b + 5. What is the remainder when q(d) is divided by 6?
5
Suppose -2*h - 2*h + 60 = 0. Let u = 5 - -3. Calculate the remainder when h is divided by u.
7
Suppose -b + 5*b = 3*x - 35, 4*x + 3*b - 55 = 0. Suppose 17 = 5*a - 8. Calculate the remainder when x is divided by a.
3
Suppose -16*b = 10*b - 130. Suppose 17 = -3*f - 4*r + 80, 5*f - r = 82. What is the remainder when f is divided by b?
2
Suppose -5*x = -15, d + 7 = -4*x + 3*x. Let m = -4 - d. Suppose 5*v + 1 = a, 0*a = a - 2*v - 10. What is the remainder when a is divided by m?
4
Let o(v) = -v**3 - 14*v**2 - 18*v - 9. What is the remainder when o(-13) is divided by 16?
8
Let b = 10 + -6. Let o be 0 + 1/(-2)*-4.